se -3*n = -5*n + 16. Suppose -5*y + 3*y = -n. Suppose -i - y*i + 95 = 0. What is the units digit of i?
9
Suppose -9*g + 14*g - 3*c = 18423, -4*g + 14760 = 3*c. What is the hundreds digit of g?
6
What is the thousands digit of 3/(-18) - 337038/(-36)?
9
Suppose w = -5*d - 373, 30*d - 32*d + 1187 = -3*w. Let p = w - -612. What is the units digit of p?
9
Suppose -3*f + 3*h = -63, -2 - 47 = -4*f - 3*h. What is the tens digit of (-8094)/(-27) - f/(-72)?
0
Suppose 103 = f + 3*i, 5*f - 17*i + 19*i - 476 = 0. Suppose 25 = -9*k + 4*k. What is the units digit of ((-10481)/f)/((-2)/(-1 - k))?
3
Let q = -203 + 207. What is the units digit of ((-12)/(-18))/(q/7122) - -2?
9
Let s be ((-7)/(-2))/(16/160). Let p = s - -274. What is the tens digit of p?
0
Suppose -4*c + 4*g = -12, 6*c - c + 3*g = -1. Let k be (136/(-10) - -6)/(c/45). Let f = k - -501. What is the hundreds digit of f?
1
Suppose 5*c = -3*c + 104. Suppose 2*a - 3 = c. Let o(w) = 2*w**2 - 13*w + 8. What is the units digit of o(a)?
2
Let s = 31685 - 27116. What is the units digit of s?
9
Let u be (-1)/(((-12)/(-15))/(-4)). Suppose 3*g - 10 + 0 = -5*l, -45 = -4*l + u*g. Suppose -b = -3*k - l - 62, -2*b - 2*k = -102. What is the tens digit of b?
5
Let k = 12376 - -3789. Suppose -12*v + k = 997. What is the hundreds digit of v?
2
Suppose 2*i + 2*i = 2*n - 16, 4*i + 16 = -5*n. Suppose -4*w - k - 628 = -n*w, -3*w + 5*k = 448. Let s = -121 - w. What is the tens digit of s?
3
Let b(h) be the first derivative of h**4/2 - 8*h**3/3 + 13*h**2/2 - 57*h - 243. What is the tens digit of b(7)?
2
Let i = 297 - 294. Suppose -r + 740 = -i*o, 12*o - 7*o + 738 = r. What is the hundreds digit of r?
7
Suppose 0 = -3*r - 3*r - 1512. Let m = r - -61. Let w = -18 - m. What is the tens digit of w?
7
Suppose 1122 = -19*r + 5036. Suppose -q = -r - 5. What is the units digit of q?
1
Let c = -15763 + 27190. What is the thousands digit of c?
1
Suppose -234*d + 66*d = -1869695 - 1465777. What is the tens digit of d?
5
Suppose -i + 0*f = 3*f - 6, 0 = 2*f - 4. Suppose i = -4*n + 2*n. Suppose -d + 5*o + 144 = -14, d - 2*o - 143 = n. What is the tens digit of d?
3
Let t(w) = 1111*w**2 + 14*w - 10. What is the hundreds digit of t(5)?
8
Let y = -866 - -10595. What is the tens digit of y?
2
Suppose 0 = 2*l - 3*q - 11535, -2*l + q = 6*q - 11495. Suppose 2*w = 14*w - l. What is the tens digit of w?
8
Let a(u) = 96*u**2 - 10*u - 15. Suppose 0 = -3*o + 4*o - 3*z + 8, -3*o + 2 = 4*z. What is the units digit of a(o)?
9
Let h(w) = 13*w**2 + 46*w + 260. Let j be h(-7). Let y = j + -143. What is the units digit of y?
2
Let t(s) = 22*s**2 + 65*s - 19. Let r be t(-23). Suppose 14*i = 12472 + r. What is the units digit of i?
4
Suppose -2 = y - 5. What is the tens digit of (0 - -1)*y - (-31 - -14)?
2
Let p(u) = 4*u**2 + 2*u - 3. Let a be p(1). Suppose -h - a - 2 = 0. Let f = h - -27. What is the units digit of f?
2
Suppose 3*d - 3*m = 47066 + 3517, 3*d = -m + 50591. What is the hundreds digit of d?
8
Let j = -21 - -21. Suppose -4*d + 379 = y, -y - 5*d = -j*y - 382. Let l = y + -210. What is the tens digit of l?
5
Suppose -40 = 17*b - 227. What is the hundreds digit of ((-11)/(-2))/b*234?
1
Let t(c) = 12*c**2 - 72*c + 890. What is the thousands digit of t(29)?
8
Suppose -15*i = 109*i + 45*i - 3406364. What is the hundreds digit of i?
1
Let h be (6 + -1)/(105/5817). Let c be 123 - -2*3/6. Let l = h - c. What is the hundreds digit of l?
1
Let x be (15/(-9))/((-5)/15). Suppose -x*z - 46 = q - 319, -5*z + 277 = -q. Let t = -36 + z. What is the tens digit of t?
1
Suppose 10989*a - 11067*a = -2485938. What is the thousands digit of a?
1
Let j(f) = 2*f**3 - 19*f**2 - 27*f + 26. Let l = -361 + 372. What is the tens digit of j(l)?
9
Suppose 11*l + 2252 = 15*l. Let c = -169 + l. What is the units digit of c?
4
Let t = -1927 - -3879. What is the hundreds digit of t?
9
Suppose 7*w - 1 = 6*w, 4*n - 5*w = 31. Suppose 2*k + n*k - 12529 = 0. What is the thousands digit of k?
1
Let u(q) = -466*q - 30. Let r(j) = -465*j - 32. Let c(y) = -5*r(y) + 4*u(y). What is the units digit of c(2)?
2
Suppose -982 = g - 6196. What is the thousands digit of g?
5
Suppose -5*p - y = -18, 3*p + 0*y = 2*y + 3. Suppose 2*w + 2*g - 7*g - 1595 = 0, -2*g - 2398 = -p*w. Suppose i + 7*i - w = 0. What is the units digit of i?
0
Suppose r - 8 = -1. What is the tens digit of (-42)/r + 678 + -5?
6
Let u be 20511/(-6) - 1/(-2). What is the tens digit of 1/(-9)*-2 + u/(-9)?
8
Let v(a) = -2306*a - 6383. What is the units digit of v(-12)?
9
Let a be 7 - (8 - (0 - -4)). Suppose -2*u = -a*p - 5, 0*u + 3*p = 3*u - 3. What is the tens digit of (-282)/(-7) - u - (-16)/(-56)?
4
Let h = 5330 - 2869. What is the units digit of h?
1
Let q = -36674 + 70524. What is the thousands digit of q?
3
Suppose -20 = -5*i + m, -7*i + 4*i - m = -20. Suppose 3*d - 90 - 309 = 0. Suppose -t = -i*p - d, -131 = -t + 4*p - p. What is the units digit of t?
8
What is the units digit of (-11)/(17825/71668 + 1/8*-2)?
9
Suppose -9 = -16*b - 105. Let s(y) = -27*y + 27. Let o be s(b). Let k = o - 22. What is the tens digit of k?
6
Let z = -171831 - -246014. What is the tens digit of z?
8
Suppose h - m = -1, -m = -5*h - 4 + 19. Let x(k) = 13*k**3 - 6*k**2 + k. What is the units digit of x(h)?
0
What is the units digit of (-1)/(-4) - 5985045/(-428)?
4
Let s = -200 + 208. Let o(t) = t**2 + 15*t - 41. What is the hundreds digit of o(s)?
1
Let k = -146 + 290. Suppose -34*r = 19*r - 12*r + 1517. Let b = r + k. What is the hundreds digit of b?
1
Let n = -2167 + 4663. What is the units digit of n?
6
Let s be 2 - (2 - 25/5). Suppose -2*g + 7 + 6 = 3*r, 28 = s*g + 3*r. Suppose 328 - 13 = g*d + 5*b, 4*d = -2*b + 250. What is the tens digit of d?
6
Let t(v) = 10*v - 60. Let b be t(5). What is the tens digit of (b/(-7))/(11/2002)?
6
Suppose 2*o = -2*g - 0 + 6, 0 = g - 3*o - 15. What is the units digit of (g - -3) + -6 - (-1307 - 0)?
0
Suppose 7779 = 2*b + 1039. What is the units digit of b?
0
Let w = 24478 + -19448. What is the tens digit of w?
3
What is the units digit of 6*(-14)/((-420)/275)?
5
Suppose 0 = -3*i + 34175 - 2909. Suppose 9*v - i = -9*v. What is the hundreds digit of v?
5
Let n be -13 - -10 - (-196 - -2 - 0). Let w = n - -16. What is the tens digit of w?
0
Let x = 40 - 36. Suppose -2488 = -0*b + x*b. Let o = -345 - b. What is the units digit of o?
7
Suppose 0 = 64*s - 74*s + 328050. What is the hundreds digit of s?
8
Let f = 250 + -232. Suppose -14*a + f*a - 3117 = g, -15 = -5*g. What is the tens digit of a?
8
Suppose 0 = 5*z + q - 38 - 4, -2*z - 3*q + 22 = 0. Suppose z*g - 580 = 6676. What is the hundreds digit of g?
9
Let l = 28722 + -12019. What is the tens digit of l?
0
Let q = -12853 + 22912. What is the tens digit of q?
5
Let w be (698/4)/(-3 + (-30)/(-12)). What is the tens digit of (w/(-2))/(-6*(-9)/108)?
4
Let o(j) = 5*j**2 - 15*j - 38. Suppose -3 = -2*q - 2*v + 13, 0 = -4*q + 2*v + 38. What is the hundreds digit of o(q)?
2
Suppose -35*y + 305316 = 21*y - 23*y. What is the hundreds digit of y?
2
Let r be 10638/14 - (-4)/(-28)*-1. Let y(x) = 19*x**3 - x**2 - x + 1. Let z be y(1). Suppose -z*p + r = -10*p. What is the tens digit of p?
9
Let d = -14551 - -23236. What is the thousands digit of d?
8
Suppose 0 = 5*v - 16 - 9. Suppose 6*f - f + 25 = -v*u, 5*u - 5 = 5*f. Let w(i) = -4*i**3 - 3*i**2 - 3*i - 4. What is the units digit of w(f)?
6
Suppose -f - w + 3910 = 0, 1373*f + w - 15637 = 1369*f. What is the thousands digit of f?
3
Let s(m) = -67*m**2 + m + 9. Let l(h) = -h**2 - h + 1. Let f(u) = 3*l(u) - s(u). Let r be f(-4). Suppose 6*d = -5*d + r. What is the units digit of d?
4
Let l = -310 + 312. Suppose 4*d - h - 3316 = 0, -4*d + l*h = -0*d - 3316. What is the hundreds digit of d?
8
Suppose -16 = 4*f, -4*o - 7*f - 124 = -3*f. Let v = -1046 - -1263. Let l = v + o. What is the units digit of l?
0
Let a = 6748 - 827. What is the units digit of a?
1
Let d = -2 + -4. Let a be ((-10)/3)/(8/(-36)). Let r = a + d. What is the units digit of r?
9
Suppose -8*k = -k. Suppose k = 116*u - 110*u - 858. What is the tens digit of u?
4
Let j(q) = 2089*q - 35. Let x be j(-2). Let v = x + 6021. What is the hundreds digit of v?
8
Suppose 0*i + 2*i - 214 = -3*n, 2*i = -n + 74. Let q = 147 - n. Suppose -63 = -78*j + q*j. What is the units d